2. Is (1455/b)/(1 - (-792)/(-790)) prime?
False
Suppose -t + 2*q + 52 = -2*q, -3*q = -3*t + 147. Suppose 2*p + 2*n = 15578, t*n - 23367 = -3*p + 52*n. Is p prime?
True
Suppose 5*f - 17*k = -22*k + 94755, 12 = 3*k. Is f a prime number?
True
Suppose 4*g - 3935 = 9*g. Let r = g - 607. Let y = r - -2935. Is y prime?
False
Let y = 181189 - 20936. Is y a composite number?
False
Let h be (35/(-10))/7*-16. Let c(a) = 4*a**2 + 2 - 2 + h*a - 3. Is c(-10) composite?
False
Let b = -492 + 1226. Suppose 4*v - 1550 = b. Is v a prime number?
True
Let q be ((-658)/(-6))/(((-2)/(-12))/1). Suppose -3*o - 2*d + 382 = -q, -d = -o + 350. Let g = 1013 + o. Is g a composite number?
False
Suppose 3*m + m = -8. Let c(q) = 4*q**3 + 16*q**2 - 17*q. Let k be c(1). Is k/m*(-36020)/30 a prime number?
True
Suppose 4*c + q - 69084 = 0, 2*c = 4*q + 27711 + 6849. Suppose -9*z + c + 7829 = 0. Is z prime?
True
Let j be (-7 + 8)/((-1)/(-9)). Suppose j*w - 12*w = 0. Suppose -l - 3*v = -194, w = 5*l - 0*v - v - 970. Is l a prime number?
False
Let g(x) = -7*x - 84. Let m be g(-12). Suppose -3*f = -m*t + 2*t - 1786, -1786 = -2*t - 5*f. Is t a composite number?
True
Let s(a) = -4*a**3 + 10*a**2 - 8*a + 11. Let i(n) = -12*n**3 + 32*n**2 - 25*n + 34. Let m(x) = 4*i(x) - 11*s(x). Is m(-12) a prime number?
False
Suppose 22*w - 12 = 18*w. Let f(p) = p**2 + 9*p + 2. Let q be f(-9). Suppose 0 = -q*l - 3*y + 706 + 313, 0 = w*l + 5*y - 1526. Is l a prime number?
False
Is (-2556592)/(-10) - (384/420 - 10/14) a prime number?
True
Let x be ((-39)/(-15) - (-4)/10) + 3. Suppose 0 = 2*o - x*o + 24. Is ((-116)/o)/((-34)/1887) a prime number?
False
Suppose -4*z = 5*z + 135. Is (z/3 - -9876) + 0 prime?
True
Suppose -2*j + 2*w - 6*w = -2162, 4*j = -4*w + 4308. Let a = -414 + j. Is a prime?
True
Let w(k) = 261*k**3 + 3*k**2 - 17*k - 15. Is w(4) a prime number?
False
Let n(s) be the second derivative of -55*s**3/6 - s**2/2 - 16*s. Let r be n(-8). Is (-2 + r/(-2))*-2 prime?
True
Suppose -2*w + 59693 = -3*q - 17924, 4*q - 3*w + 103490 = 0. Let z be q/(-7) - (6 - 172/28). Let r = z + -2483. Is r composite?
False
Let u = -141 + 4222. Suppose 9*l = 5765 + u. Is l composite?
True
Suppose 0 = -3*o - 0 + 9. Let v(x) = 3*x**3 + 0 + o*x**2 + 0*x**2 - 3 + 6*x - 8*x**3. Is v(-4) a composite number?
True
Let s be ((-606)/(-7))/(2/70). Let x = -761 + 1275. Suppose x - s = -4*j. Is j prime?
False
Let n(a) = 24434*a**2 - 3*a. Let g(s) = s**2 + 11*s - 81. Let h be g(5). Is n(h) a composite number?
True
Let s be 11*3*10/90*-6. Is 19*(-1226)/s - 6/(-33) a prime number?
False
Suppose 3*c - 3*h - 32041 - 437147 = 0, 0 = -c - 2*h + 156387. Is 3/(-3*(-9)/c) prime?
True
Let k(n) = -1639*n**3 - 15*n**2 + 5*n + 25. Is k(-8) composite?
False
Suppose 3*p = -318*d + 313*d + 2146948, 3*p + 2*d - 2146933 = 0. Is p prime?
False
Let q(z) = z**3 - 7*z**2 + 8*z - 12. Let u be q(6). Suppose -a + n + 11 = -u*n, -3*n = a - 27. Is 4/10 + 26679/a composite?
True
Suppose 114*c = 127*c - 167557. Is c prime?
True
Let r = 93 - 112. Let k(a) = -3*a**3 - 23*a**2 - 29*a - 30. Let m be k(r). Suppose 39969 - m = 6*v. Is v composite?
True
Let j(o) = -38*o**2 + 8*o - 47. Let q be j(5). Let g = q - -9458. Is g a composite number?
False
Suppose -105423 = -3*m + 3*x, 3*m - 105423 = 2*x + 3*x. Is m a composite number?
False
Suppose -749822 = -5*v + r, -5*v + 311*r + 749829 = 309*r. Is v a composite number?
True
Suppose 43*t - 5772 - 49139 = 0. Is t a composite number?
False
Suppose 2*h - 2881164 = -3*l + 1194828, h + 2*l - 2037995 = 0. Is h composite?
True
Let k = -20992 - -36311. Suppose 0 = -2*x + k + 5143. Is x prime?
False
Let a(m) = m**2 + 9*m + 44. Let p be a(-4). Suppose -20*c - 2084 = -p*c. Is c a composite number?
False
Let q = 102 - 95. Suppose -q*i + 1810 = -8487. Is i prime?
True
Let f(i) = -2*i**2 - 22*i. Let s be f(-11). Let z(h) = 2*h**3 - 2*h**2 + 2*h + 1439. Is z(s) a composite number?
False
Let v(k) = -k**2 - 16*k - 10. Let c be v(-15). Suppose -3*f + 12181 = 2*b, -c*b = -0*b + 2*f - 30447. Let l = b - 4116. Is l prime?
True
Is (10/(-8) - 5/(-20))*-184089 prime?
False
Is 224/98 + (-4)/14 + 188727/7 a prime number?
False
Let p(n) = 1507*n + 52. Let s(o) = 753*o + 26. Let i(h) = -6*p(h) + 11*s(h). Let q be i(-9). Suppose 0*j - m = 5*j - q, -3*m = 0. Is j prime?
True
Let d be -888*254/44 + (-10)/(-55). Let f = 16873 + d. Is f a composite number?
True
Let d = -119313 - -220082. Is d a composite number?
False
Let a(i) be the second derivative of 129*i**5/20 - 2*i**4/3 + 11*i**3/6 + 7*i**2/2 + 238*i. Is a(4) composite?
False
Is 17/(255/1593060) - (-7 + -2) a composite number?
False
Suppose -11*l - 185 = -537. Is (l - 36)/(4/(-2901)) a composite number?
True
Let o(a) = 2*a**3 + 5*a**2 + 3*a - 3. Let g be o(-3). Let z(w) = 12*w + 65. Let y(k) = -13*k - 72. Let c(p) = -4*y(p) - 5*z(p). Is c(g) a composite number?
False
Suppose 4*g + 4*d - 15 + 3 = 0, 3*d - 1 = g. Suppose g*q + j + 0*j - 690 = 0, 5*q - 1725 = -5*j. Suppose 2*a + 91 = q. Is a a composite number?
False
Let a be 1*13/(13/42). Let t be (-14)/a*0/(-2). Suppose -5*m + 4*m + 563 = t. Is m composite?
False
Let t(f) be the third derivative of f**6/60 + f**5/60 - f**4/24 + 2203*f**3/6 - f**2 - 49. Is t(0) composite?
False
Let v(n) = 465*n**2 + 129*n + 1. Is v(-12) a composite number?
False
Let q = -31 + 36. Suppose q*b - 14 = -2*a, -a + 0 + 1 = b. Suppose 4445 = b*k + 1417. Is k a composite number?
False
Let r = -7027 - -10375. Let n be (5 - 9)/(8/r). Let x = 2933 + n. Is x a composite number?
False
Suppose -2*n = -5*n - 8097. Suppose 0 = 20*c - 5*c - 58290. Let o = c + n. Is o composite?
False
Suppose -5*z = 5*z - 3*z. Suppose z = -46*m + 49*m. Is 967 + m + (1 + -1)/(-6) a composite number?
False
Suppose -3*d = -6 - 0. Suppose -d*f + 13*f - 67441 = 0. Is f prime?
True
Suppose -k - r = -11680, -11683 = -k + 106*r - 108*r. Is k prime?
True
Let l be 40*(918/12 - -6). Let x = -1659 + l. Is x a composite number?
True
Suppose 4038098 = -5*x + 55*x - 2366852. Is x composite?
False
Is (-3138865)/(-60)*(-5 + 17) composite?
False
Let a be (-1)/((-1)/13*1). Let y be a + (2 - 4) - -1. Suppose -y*o + 717 + 3087 = 0. Is o a prime number?
True
Let i(u) = -u**3 - 9*u**2 - 4*u + 2. Let x(t) = 2*t**3 + 19*t**2 + 7*t - 4. Let f(p) = 5*i(p) + 2*x(p). Let m be f(-6). Suppose m*b - 285 = 89. Is b composite?
True
Let c = 124 + -124. Let h(k) = -k - 4. Let w be h(-8). Suppose -w*u = 4*o - 528, -2*o - 260 = -2*u - c*u. Is u prime?
True
Suppose 0 = -q + 2*b - 5, -8*q + 3*q - 2*b + 11 = 0. Let t(y) be the first derivative of 755*y**2/2 - 4*y - 5974. Is t(q) a prime number?
True
Let o(d) = -11 + 7*d + 125*d**2 + 7*d - 106*d**2. Is o(6) composite?
False
Let h = 96386 + -40149. Is h prime?
True
Let p(o) = -3*o**2 + 0*o**2 + 31 - 24*o + 112*o**3 - 111*o**3. Is p(9) a prime number?
False
Let c = -3532 + 6359. Suppose -4*l - 5*d = -c, -3*l + d + 2863 = 757. Is l prime?
False
Suppose -23*z = -17*z + 66. Let u(f) = -82*f + 11. Is u(z) composite?
True
Let a = -2730 + 8345. Is a a prime number?
False
Let r(l) be the first derivative of 10*l**3/3 + 53*l**2/2 - 68*l + 108. Is r(-29) a composite number?
True
Suppose 2*y + 10 = 2. Let z(l) = -32*l**2 - 8*l + 2. Let b be z(y). Is (b/4 + 3)*2*-1 a composite number?
False
Let n(o) be the second derivative of -o**4/12 - 7*o**3/6 + 5*o**2 - 9*o. Let i be n(-8). Is (38/2)/((-2)/(-6)) - i a composite number?
True
Suppose -3*d - 154966 = 4*j - 943580, 0 = 3*j - 5*d - 591446. Suppose 54834 = -22*x + j. Is x prime?
True
Suppose -3*x = -2*x - 2. Suppose -2*j - 2*j - 3*m + 6997 = 0, -3*j + x*m + 5269 = 0. Is j prime?
True
Suppose -3*o = 29*c - 34*c - 705, 5*c = 4*o - 940. Suppose -r = -o - 448. Is r a composite number?
False
Suppose -81*z + 80*z = -2. Suppose 4*n - 8 = 0, -z*q + 3240 - 252 = -5*n. Is q composite?
False
Suppose 3*a - 1436965 = -2*t, -1335923 = -3*t - 3*a + 819535. Is t a composite number?
False
Let b(y) = 5*y - 29. Let l be b(-4). Let r = l - -40. Let d(u) = -78*u + 29. Is d(r) composite?
True
Suppose 2*f - 4889 = -5*h, -4*h - 3459 = 2*f - 8345. Let v = f - 388. Is v prime?
False
Let d(s) = -182*s - 537. Let w be d(-3). Let r(a) = a**2 + 3*a + 2. Let h be r(-3). Let m = w - h. Is m a composite number?
False
Suppose -3*z + 3*u = -18 - 0, -4*u = 4*z - 40. Let i(o) = 3*o**2 - 9*